361
What is the greatest common divisor of 1603550 and 329225?
325
What is the greatest common factor of 39500 and 431735?
395
Calculate the highest common factor of 13680135 and 1155.
105
What is the highest common divisor of 125829182 and 33512?
8378
Calculate the greatest common divisor of 760071 and 20397.
39
Calculate the highest common divisor of 174288567 and 4689.
1563
What is the highest common divisor of 529264 and 4275?
19
What is the greatest common divisor of 436 and 16867423?
109
What is the highest common divisor of 11072952 and 217?
31
Calculate the highest common factor of 6 and 4366206.
6
What is the highest common divisor of 10129 and 567?
7
Calculate the greatest common divisor of 4700 and 4354268.
188
Calculate the highest common divisor of 17 and 1233733214.
17
What is the greatest common divisor of 43143 and 4611921?
219
Calculate the greatest common divisor of 10872463 and 29939.
2303
What is the greatest common divisor of 21249 and 2985091?
787
Calculate the greatest common factor of 737841 and 741.
39
Calculate the greatest common factor of 125586992 and 1288.
184
Calculate the greatest common divisor of 120220804 and 68.
68
What is the highest common factor of 5938964 and 4?
4
What is the highest common factor of 2 and 190195?
1
What is the greatest common divisor of 234575 and 229457?
853
Calculate the highest common factor of 14817 and 32750958.
1347
What is the greatest common factor of 80788911 and 564?
141
Calculate the highest common divisor of 535178 and 2088338.
602
What is the greatest common factor of 628098 and 390?
6
What is the greatest common divisor of 208 and 3969168?
16
Calculate the greatest common factor of 22836 and 11830500.
132
What is the greatest common factor of 1703355 and 120?
15
What is the highest common divisor of 106877326 and 4?
2
What is the highest common divisor of 76 and 115619617?
19
Calculate the highest common divisor of 648918 and 108.
54
What is the greatest common factor of 72565 and 7153?
23
Calculate the greatest common factor of 1475056 and 15708.
748
What is the greatest common factor of 245373 and 92649?
267
What is the highest common factor of 15 and 271042095?
15
What is the greatest common divisor of 217107 and 2886719?
8041
Calculate the greatest common divisor of 693 and 1057014.
63
What is the highest common factor of 134891 and 12256259?
3137
Calculate the greatest common factor of 21052318 and 28.
14
What is the highest common factor of 23 and 42645611?
23
Calculate the highest common divisor of 464 and 2718656.
16
What is the highest common factor of 50 and 2506430?
10
Calculate the highest common divisor of 55424736 and 27.
27
Calculate the highest common divisor of 713344486 and 394.
394
Calculate the highest common factor of 11522 and 125118.
14
What is the highest common factor of 14127 and 435511865?
4709
Calculate the highest common factor of 2828 and 3135040.
404
What is the greatest common divisor of 149854138 and 14?
14
What is the highest common divisor of 158 and 7762?
2
Calculate the greatest common divisor of 1143 and 2133981.
1143
Calculate the greatest common factor of 65253340 and 1655.
1655
Calculate the greatest common divisor of 11079359 and 493.
17
Calculate the greatest common factor of 60963 and 138978.
21
Calculate the highest common divisor of 4978266 and 15390.
114
Calculate the highest common factor of 19464 and 268200.
24
What is the greatest common factor of 44 and 170083012?
44
What is the greatest common factor of 4524176 and 1088?
272
Calculate the greatest common divisor of 99 and 8420013.
9
What is the greatest common divisor of 17 and 1457290201?
17
What is the highest common divisor of 828710 and 280?
10
Calculate the greatest common factor of 2799615 and 9360.
195
Calculate the greatest common factor of 6462850 and 6650.
950
What is the greatest common divisor of 653701 and 425?
17
Calculate the greatest common factor of 23754 and 1552998.
642
Calculate the greatest common divisor of 6199930 and 20724.
3454
What is the greatest common factor of 848 and 92944?
16
What is the highest common factor of 108290 and 1130381?
833
What is the highest common divisor of 156308 and 140622?
46
Calculate the greatest common factor of 27091674 and 90.
18
Calculate the highest common factor of 6734238 and 23653.
763
What is the greatest common factor of 1111 and 3832849?
101
Calculate the greatest common factor of 408 and 58837884.
204
Calculate the highest common factor of 1496822 and 1016.
254
What is the greatest common factor of 100780 and 670?
10
Calculate the greatest common divisor of 4988512 and 304.
16
Calculate the greatest common factor of 126 and 28297242.
18
What is the greatest common factor of 902111581 and 14?
7
Calculate the greatest common factor of 91119 and 4137.
21
What is the greatest common divisor of 51 and 13101373?
17
Calculate the greatest common factor of 28746 and 803291.
1597
Calculate the greatest common divisor of 21359743 and 19.
19
What is the greatest common factor of 148488 and 6528?
24
Calculate the greatest common factor of 996 and 7379988.
12
What is the highest common divisor of 15346714 and 6?
2
What is the greatest common divisor of 7638632 and 40?
8
What is the highest common divisor of 74540 and 22912?
4
Calculate the greatest common divisor of 1963182 and 442.
26
What is the greatest common divisor of 11000 and 3184000?
1000
What is the highest common factor of 24743 and 3632?
227
What is the highest common divisor of 10448 and 1034816?
16
Calculate the greatest common factor of 1338 and 61523247.
669
Calculate the highest common divisor of 54 and 334107.
9
Calculate the greatest common divisor of 34240 and 95565980.
2140
Calculate the greatest common factor of 12 and 19983900.
12
What is the greatest common factor of 17112261 and 18?
3
Calculate the highest common divisor of 1029 and 502185.
3
What is the greatest common divisor of 18008942 and 406?
406
Calculate the greatest common factor of 210558 and 82194.
114
Calculate the highest common factor of 12 and 192608292.
12
What is the greatest common factor of 40698 and 455822122?
4522
Calculate the highest common factor of 9988407 and 33.
33
Calculate the highest common factor of 22131 and 94651828.
2459
What is the highest common factor of 195 and 5043415?
65
Calculate the highest common factor of 24810 and 6901315.
4135
What is the greatest common divisor of 252 and 83224?
4
Calculate the greatest common factor of 217920129 and 4487.
4487
Calculate the highest common divisor of 3480747 and 57043.
281
Calculate the highest common divisor of 6924 and 1260836166.
3462
Calculate the greatest common factor of 70128489 and 447.
447
Calculate the greatest common factor of 17001 and 299007.
9
Calculate the highest common divisor of 86040608 and 2024.
184
What is the greatest common divisor of 9144 and 4897224?
72
Calculate the greatest common factor of 37704964 and 3256.
44
Calculate the greatest common factor of 18 and 13657846.
2
Calculate the highest common factor of 9300 and 1796450.
1550
Calculate the greatest common factor of 788426705 and 202.
101
What is the greatest common divisor of 3057 and 9078271?
1019
What is the highest common divisor of 1855444 and 8?
4
What is the greatest common divisor of 2097 and 1017927?
9
Calculate the highest common factor of 1236 and 8545395.
309
What is the greatest common factor of 571182 and 3726?
138
What is the highest common divisor of 69277 and 4121?
13
What is the greatest common factor of 921612510 and 182?
182
Calculate the greatest common factor of 22036 and 126308.
28
Calculate the highest common divisor of 14356 and 18609644.
388
Calculate the greatest common divisor of 1638 and 239211.
63
Calculate the greatest common factor of 7924642 and 286.
22
What is the greatest common factor of 2606589712 and 16?
16
Calculate the greatest common factor of 1200 and 1473975.
75
What is the highest common factor of 6060333 and 277037?
1189
What is the highest common divisor of 3151456 and 1034?
22
Calculate the greatest common divisor of 46700 and 295611.
467
Calculate the greatest common divisor of 1497 and 5146187.
499
What is the highest common divisor of 3 and 4628132?
1
Calculate the highest common fa